2*m - 2957. What is x(1)?
5
Let n(y) = 2*y**2 + 15*y - 31. Calculate n(-8).
-23
Let l(y) = -117*y + 1855. Give l(16).
-17
Let u(p) = p**3 - 2*p**2 - p - 200. Determine u(0).
-200
Let o(x) = x**2 - 12*x - 291. Calculate o(18).
-183
Let z(r) = -4212*r + 8445. Give z(2).
21
Let r(g) = -g**2 - 14*g + 139. Give r(-27).
-212
Let i(g) = -2*g**3 + 164*g**2 - 2003*g - 462. Calculate i(67).
7
Let b(u) = -u**3 + 64*u**2 - 290*u - 281. Calculate b(59).
14
Let a(t) = -3*t**3 - 4*t**2 - 29*t - 121. What is a(-5)?
299
Let v(q) = 336*q**2 + 7*q + 7. What is v(-1)?
336
Let q(h) = 6*h**3 - 3*h**2 - 83*h + 160. Determine q(2).
30
Let r(t) = -7*t**2 - 54*t + 71. Calculate r(-9).
-10
Let s(p) = -7*p**3 - 115*p**2 - 316*p. Give s(-13).
52
Let s(k) = -13*k**3 + 5*k**2 - 6*k + 5. Determine s(3).
-319
Let w(f) = 55*f - 1106. Give w(18).
-116
Let w(g) = -g**2 - 1444*g - 64306. Calculate w(-46).
2
Let j(v) = 2*v**3 + 33*v**2 + 130*v - 47. What is j(-8)?
1
Let a(n) = n**2 - n - 9. Give a(-5).
21
Let z(s) = 54*s - 2035. Give z(37).
-37
Let i(z) = -z**3 + 94*z**2 - 2110*z + 51. Calculate i(37).
14
Let x(d) = -34*d + 1431. Give x(44).
-65
Let r(s) = -18*s**2 - 3*s + 11. Determine r(2).
-67
Let z(a) = a**2 + 70*a - 2002. Calculate z(-93).
137
Let u(p) = -p**3 - 7*p**2 - 9*p - 33. Give u(-6).
-15
Let y(k) = 26*k + 27. Give y(5).
157
Let z(o) = 7*o**2 - 136*o + 49. What is z(19)?
-8
Let c(h) = 53*h + 41. Calculate c(10).
571
Let i(n) = -2*n**2 - 3756*n + 18811. Determine i(5).
-19
Let l(i) = i**3 + 10*i**2 + 18*i. Give l(-2).
-4
Let r(f) = 2*f**2 - 111*f + 1137. Calculate r(15).
-78
Let j(v) = -v**3 - 10*v**2 - 72*v - 360. Give j(-7).
-3
Let h(y) = y**3 - 6*y**2 + 5*y - 88. What is h(6)?
-58
Let g(c) = -14526*c - 14544. What is g(-1)?
-18
Let a(o) = -o**3 - 12*o**2 + 29*o + 225. Calculate a(-13).
17
Let n(t) = -t**3 - 17*t**2 - 48*t + 75. Give n(-13).
23
Let z(j) = j**2 + 316*j + 1857. Give z(-6).
-3
Let g(b) = -31*b**2 + 15*b + 20. Determine g(-3).
-304
Let a(d) = 30*d + 423. Determine a(-14).
3
Let h(k) = k**3 + 34*k**2 - 10*k + 176. Determine h(-34).
516
Let v(a) = a**2 - 66*a + 1073. What is v(30)?
-7
Let l(m) = -6*m**2 + 4. Calculate l(2).
-20
Let r(u) = u**3 + 33*u**2 + 142*u + 94. Give r(-28).
38
Let b(p) = 3*p**3 + 5*p**2 - 16*p - 21. What is b(-4)?
-69
Let d(b) = b**2 - 12151*b - 194674. Determine d(-16).
-2
Let n(b) = -2*b**2 + 353*b - 6117. Determine n(157).
6
Let c(k) = -3*k**3 + 67*k**2 + 318*k + 5. Give c(-4).
-3
Let k(a) = a**2 - 50*a + 310. Determine k(19).
-279
Let y(i) = -i**3 - 7*i**2 - 20*i - 85. What is y(-6)?
-1
Let y(m) = -m**2 - 64*m + 416. What is y(6)?
-4
Let f(d) = d**2 - 134*d + 4416. Determine f(60).
-24
Let v(l) = 81*l**3 + 52*l**2 - 56*l + 4. Determine v(1).
81
Let w(i) = -17*i**2 - 1653*i - 379. Give w(-97).
9
Let l(x) = 2*x**3 + 135*x**2 - 64*x + 267. Determine l(-68).
-5
Let z(l) = l**2 + 75*l + 287. What is z(-71)?
3
Let s(b) = -5*b**3 + 22*b**2 + 14. Give s(4).
46
Let d(k) = -68*k - 422. Give d(-6).
-14
Let v(n) = n**3 - 31*n**2 + 70*n + 122. Give v(4).
-30
Let p(j) = 128*j**3 - 2*j**2 - 48*j - 47. What is p(-1)?
-129
Let y(g) = 14*g - 70. Determine y(-6).
-154
Let k(g) = 2*g**3 + 53*g**2 + 65*g - 281. Determine k(-25).
-31
Let w(z) = -z**3 - 45*z**2 - 124*z - 128. Calculate w(-42).
-212
Let z(h) = 10*h**2 + 6*h - 3. Give z(-4).
133
Let a(x) = x**3 + 72*x**2 + 407*x + 66. Determine a(-6).
0
Let l(b) = 37*b - 1729. Give l(48).
47
Let r(n) = -48*n + 101. What is r(6)?
-187
Let s(r) = 5*r**2 - 391*r + 93. What is s(78)?
15
Let y(l) = -l**2 - 23229*l - 46456. What is y(-2)?
-2
Let z(x) = -4*x**2 - 12*x - 10. Determine z(-3).
-10
Let k(l) = 30*l - 190. What is k(5)?
-40
Let q(g) = 100*g - 82. Determine q(1).
18
Let t(s) = 4*s - 30. Give t(-42).
-198
Let d(k) = k**3 - 10*k**2 - 33*k + 223. Give d(11).
-19
Let a(n) = 11*n**2 - 13*n + 33. Give a(-5).
373
Let a(i) = 57*i + 143. Calculate a(-2).
29
Let l(b) = -b**3 - 55*b**2 - 67*b - 709. Determine l(-54).
-7
Let j(v) = -v**2 - 7*v + 43. Give j(13).
-217
Let r(d) = -3*d**3 - 46*d**2 - 19*d - 57. Determine r(-15).
3
Let z(x) = x**2 + 33*x - 211. Give z(-34).
-177
Let d(j) = -6094*j + 85337. Calculate d(14).
21
Let o(w) = 168*w - 325. What is o(2)?
11
Let k(t) = 2*t**3 + 6*t**2 - 36*t + 11. Determine k(-6).
11
Let w(o) = 557*o - 4457. Give w(8).
-1
Let j(q) = 1063*q - 76549. Calculate j(72).
-13
Let s(x) = x + 216. What is s(-6)?
210
Let k(j) = 23*j + 93. Determine k(-2).
47
Let b(x) = 9*x**3 - 107*x**2 - 7*x - 5. Give b(12).
55
Let w(h) = 7*h**2 + 9*h + 15. Give w(-6).
213
Let f(l) = -3*l**3 + 134*l**2 - 89*l + 61. Determine f(44).
17
Let w(h) = 54*h + 42. Calculate w(-1).
-12
Let c(b) = -3*b**3 + 43*b**2 - 50*b - 16. Give c(13).
10
Let u(j) = -j**2 - 54*j + 925. Give u(14).
-27
Let b(u) = -u**2 + 37*u - 164. Give b(32).
-4
Let w(t) = -263*t - 5182. What is w(-20)?
78
Let r(c) = -18*c**2 - 63*c + 53. Determine r(-4).
17
Let w(k) = -19*k - 424. Give w(-19).
-63
Let d(a) = -a**2 + 53*a + 371. Give d(57).
143
Let w(z) = -z**2 + 17*z + 3585. What is w(-52)?
-3
Let x(b) = 2*b**3 - 58*b**2 - 24*b + 700. Calculate x(29).
4
Let h(t) = 77*t - 11910. Calculate h(155).
25
Let y(n) = -1155*n + 2318. Calculate y(2).
8
Let l(m) = -2*m**3 + 10*m**2 - 14*m + 60. Calculate l(5).
-10
Let i(b) = b**2 - 35*b + 342. Calculate i(28).
146
Let p(a) = -34*a - 148. Calculate p(-7).
90
Let z(d) = d**2 + 14*d + 51. Calculate z(-7).
2
Let n(x) = -x**2 + 917*x + 100. Determine n(0).
100
Let r(f) = 46*f**3 - 16*f**2 - 4*f - 5. Determine r(-2).
-429
Let c(l) = 91*l**2 - 129*l + 6. Determine c(1).
-32
Let q(s) = s**2 + 20*s + 61. Determine q(-4).
-3
Let v(c) = 85*c + 509. Give v(-6).
-1
Let b(s) = 18*s - 722. What is b(41)?
16
Let g(o) = o**3 - 2*o**2 + 5*o - 12. Calculate g(3).
12
Let z(s) = 2*s**2 - 164*s - 325. Give z(-2).
11
Let t(y) = y**3 + 23*y**2 + 61*y + 47. What is t(-20)?
27
Let i(l) = -91*l - 370. Calculate i(-4).
-6
Let y(f) = -14*f + 64. Give y(-2).
92
Let q(h) = -2*h**2 - 147*h - 478. Give q(-70).
12
Let b(j) = j**3 - 5*j**2 + 28*j - 49. Give b(5).
91
Let x(n) = -n**3 + 16*n**2 - 66*n + 545. Calculate x(11).
424
Let n(b) = 14*b + 211. Give n(-16).
-13
Let a(o) = o**3 - 40*o + 77. Give a(-7).
14
Let o(q) = 313*q - 3110. Calculate o(10).
20
Let m(i) = -2*i**2 + 65*i + 1884. What is m(51)?
-3
Let o(c) = -7*c**2 - 299*c + 73. Give o(-43).
-13
Let d(s) = -24*s + 1202. What is d(57)?
-166
Let v(a) = 2*a**3 - 13*a**2 - 28*a + 197. Give v(6).
-7
Let p(t) = -t + 165. Determine p(43).
122
Let m(h) = 4*h**2 + 144*h - 124. Calculate m(-37).
24
Let x(n) = 2*n**3 + 43*n**2 - 31*n - 235. Determine x(-22).
-37
Let r(u) = 6*u**2 - 67*u - 42. Give r(7).
-217
Let c(i) = -271*i - 1359. Give c(-5).
-4
Let g(q) = 2*q**3 - 25*q**2 + 12*q + 19. Give g(12).
19
Let x(o) = -4155*o + 8296. What is x(2)?
-14
Let q(i) = -3*i**2 - 24*i + 542. Determine q(10).
2
Let s(h) = -h**2 + h + 95. What is s(-6)?
53
Let c(b) = -b**2 + 78*b - 912. Determine c(64).
-16
Let b(v) = 2*v**3 - 27*v**2 + 56*v. Calculate b(11).
11
Let z(k) = -k**3 - 47*k**2 - 45*k + 40. Calculate z(-46).
-6
Let p(k) = k**2 - 79*k + 304. Calculate p(66).
-554
Let p(o) = -4007*o + 16024. Give p(4).
-4
Let y(s) = 40*s - 2535. What is y(64)?
25
Let f(z) = 711*z + 2140. Determine f(-3).
7
Let n(w) = w**3 - 4*w**2 - 101. What is n(0)?
-101
Let q(s) = 3*s**2 + 125*s - 608. Give q(-47).
144
Let l(z) = -z**2 - 16*z - 77. Determine l(-12).
-29
Let y(v) = -5*v**3 - 6*v**2 - 7*v + 2. Calculate y(-1).
8
Let w(k) = -k**2 + 4*k + 35. Calculate w(5).
30
Let h(w) = -3*w**3 + 134*w**2 - 90*w + 81. Calculate h(44).
-7
Let v(j) = -3475*j + 45178. Determine v(13).
3
Let a(k) = 45*k**2 + 254*k - 12. What is a(-7)?
415
Let k(p) = -2*p**2 - 35*p - 30. What is k(-15)?
45
Let p(f) = 5*f**2 - 1364*f - 2738. Give p(-2).
10
Let u(c) = 571*c**2 + 4*c - 11. Give u(1).
564
Let d(f) = -64*f - 390. Give d(-6).
-6
Let p(o) = -29319*o + 146602. Give p(5).
7
Let u(a) = 3981*a + 79656. Determine u(-20).
36
Let w(z) = 32*z + 1114. Determine w(-35).
-6
Let h(z) = 51*z - 1899. Determine h(37).
-12
Let p(a) = 2*a**2 + 49*a - 5907. Determine p(-68).
9
Let o(j) = j**2 - 190*j + 1794. Calculate o(10).
-6
Let i(p) = p**3 - 176*p**2 - 13*p + 2284. Determine i(176).
-4
Let b(q) = -975*q - 2859. What is b(-3)?
66
Let g(i) = 4*i**